{"id":2,"date":"2025-11-16T22:15:21","date_gmt":"2025-11-16T21:15:21","guid":{"rendered":"http:\/\/masaze-tomek.pl\/?page_id=2"},"modified":"2025-11-17T15:53:47","modified_gmt":"2025-11-17T14:53:47","slug":"przykladowa-strona","status":"publish","type":"page","link":"http:\/\/masaze-tomek.pl\/","title":{"rendered":"Przyk\u0142adowa strona"},"content":{"rendered":"\t\t<div data-elementor-type=\"wp-page\" data-elementor-id=\"2\" class=\"elementor elementor-2\">\n\t\t\t\t<div class=\"elementor-element elementor-element-9814c71 e-con-full e-flex e-con e-parent\" data-id=\"9814c71\" data-element_type=\"container\" data-settings=\"{&quot;background_background&quot;:&quot;classic&quot;}\">\n\t\t\t\t<div class=\"elementor-element elementor-element-081b301 elementor-widget elementor-widget-heading\" data-id=\"081b301\" data-element_type=\"widget\" data-widget_type=\"heading.default\">\n\t\t\t\t\t<h2 class=\"elementor-heading-title elementor-size-default\">Jeste\u015b w dobrych r\u0119kach!<\/h2>\t\t\t\t<\/div>\n\t\t\t\t<div class=\"elementor-element elementor-element-a0fe0cb elementor-align-center elementor-widget elementor-widget-button\" data-id=\"a0fe0cb\" data-element_type=\"widget\" data-widget_type=\"button.default\">\n\t\t\t\t\t\t\t\t\t\t<a class=\"elementor-button elementor-button-link elementor-size-sm\" href=\"#cennik\">\n\t\t\t\t\t\t<span class=\"elementor-button-content-wrapper\">\n\t\t\t\t\t\t\t\t\t<span class=\"elementor-button-text\">Sprawd\u017a cennik<\/span>\n\t\t\t\t\t<\/span>\n\t\t\t\t\t<\/a>\n\t\t\t\t\t\t\t\t<\/div>\n\t\t\t\t<\/div>\n\t\t<div class=\"elementor-element elementor-element-b8e43fd e-flex e-con-boxed e-con e-parent\" data-id=\"b8e43fd\" data-element_type=\"container\" id=\"oferta\" data-settings=\"{&quot;background_background&quot;:&quot;classic&quot;,&quot;shape_divider_top&quot;:&quot;opacity-tilt&quot;,&quot;shape_divider_bottom&quot;:&quot;opacity-tilt&quot;}\">\n\t\t\t\t\t<div class=\"e-con-inner\">\n\t\t\t\t<div class=\"elementor-shape elementor-shape-top\" aria-hidden=\"true\" data-negative=\"false\">\n\t\t\t<svg xmlns=\"http:\/\/www.w3.org\/2000\/svg\" viewBox=\"0 0 2600 131.1\" preserveAspectRatio=\"none\">\n\t<path class=\"elementor-shape-fill\" d=\"M0 0L2600 0 2600 69.1 0 0z\"\/>\n\t<path class=\"elementor-shape-fill\" style=\"opacity:0.5\" d=\"M0 0L2600 0 2600 69.1 0 69.1z\"\/>\n\t<path class=\"elementor-shape-fill\" style=\"opacity:0.25\" d=\"M2600 0L0 0 0 130.1 2600 69.1z\"\/>\n<\/svg>\t\t<\/div>\n\t\t\t\t<div class=\"elementor-shape elementor-shape-bottom\" aria-hidden=\"true\" data-negative=\"false\">\n\t\t\t<svg xmlns=\"http:\/\/www.w3.org\/2000\/svg\" viewBox=\"0 0 2600 131.1\" preserveAspectRatio=\"none\">\n\t<path class=\"elementor-shape-fill\" d=\"M0 0L2600 0 2600 69.1 0 0z\"\/>\n\t<path class=\"elementor-shape-fill\" style=\"opacity:0.5\" d=\"M0 0L2600 0 2600 69.1 0 69.1z\"\/>\n\t<path class=\"elementor-shape-fill\" style=\"opacity:0.25\" d=\"M2600 0L0 0 0 130.1 2600 69.1z\"\/>\n<\/svg>\t\t<\/div>\n\t\t<div class=\"elementor-element elementor-element-e637b63 e-con-full e-flex e-con e-child\" data-id=\"e637b63\" data-element_type=\"container\">\n\t\t\t\t<div class=\"elementor-element elementor-element-ad3dec7 elementor-position-top elementor-widget elementor-widget-image-box\" data-id=\"ad3dec7\" data-element_type=\"widget\" data-widget_type=\"image-box.default\">\n\t\t\t\t\t<div class=\"elementor-image-box-wrapper\"><figure class=\"elementor-image-box-img\"><img decoding=\"async\" width=\"170\" height=\"170\" src=\"http:\/\/masaze-tomek.pl\/wp-content\/uploads\/2025\/11\/masaze.png\" class=\"attachment-full size-full wp-image-29\" alt=\"\" srcset=\"http:\/\/masaze-tomek.pl\/wp-content\/uploads\/2025\/11\/masaze.png 170w, http:\/\/masaze-tomek.pl\/wp-content\/uploads\/2025\/11\/masaze-150x150.png 150w\" sizes=\"(max-width: 170px) 100vw, 170px\" \/><\/figure><div class=\"elementor-image-box-content\"><h3 class=\"elementor-image-box-title\">MASA\u017bE<\/h3><p class=\"elementor-image-box-description\">Oferuj\u0119: masa\u017c tkanek g\u0142\u0119bokich, masa\u017c klasyczny, masa\u017c punktowy, refleksoterapia (masa\u017c st\u00f3p), drena\u017c limfatyczny oraz wiele innych.<\/p><\/div><\/div>\t\t\t\t<\/div>\n\t\t\t\t<\/div>\n\t\t<div class=\"elementor-element elementor-element-858b49b e-con-full e-flex e-con e-child\" data-id=\"858b49b\" data-element_type=\"container\">\n\t\t\t\t<div class=\"elementor-element elementor-element-d1fded5 elementor-position-top elementor-widget elementor-widget-image-box\" data-id=\"d1fded5\" data-element_type=\"widget\" data-widget_type=\"image-box.default\">\n\t\t\t\t\t<div class=\"elementor-image-box-wrapper\"><figure class=\"elementor-image-box-img\"><img decoding=\"async\" width=\"170\" height=\"170\" src=\"http:\/\/masaze-tomek.pl\/wp-content\/uploads\/2025\/11\/taping.png\" class=\"attachment-full size-full wp-image-30\" alt=\"\" srcset=\"http:\/\/masaze-tomek.pl\/wp-content\/uploads\/2025\/11\/taping.png 170w, http:\/\/masaze-tomek.pl\/wp-content\/uploads\/2025\/11\/taping-150x150.png 150w\" sizes=\"(max-width: 170px) 100vw, 170px\" \/><\/figure><div class=\"elementor-image-box-content\"><h3 class=\"elementor-image-box-title\">KINESIOTAPING<\/h3><p class=\"elementor-image-box-description\">Metoda terapeutyczna polegaj\u0105ca na oklejaniu wybranych fragment\u00f3w cia\u0142a plastrami o specjalnej strukturze.<\/p><\/div><\/div>\t\t\t\t<\/div>\n\t\t\t\t<\/div>\n\t\t\t\t\t<\/div>\n\t\t\t\t<\/div>\n\t\t<div class=\"elementor-element elementor-element-53a5a98 e-flex e-con-boxed e-con e-parent\" data-id=\"53a5a98\" data-element_type=\"container\" data-settings=\"{&quot;background_background&quot;:&quot;classic&quot;}\">\n\t\t\t\t\t<div class=\"e-con-inner\">\n\t\t<div class=\"elementor-element elementor-element-0b066bb e-con-full e-flex e-con e-child\" data-id=\"0b066bb\" data-element_type=\"container\" id=\"cennik\">\n\t\t\t\t<div class=\"elementor-element elementor-element-b604090 elementor-widget elementor-widget-heading\" data-id=\"b604090\" data-element_type=\"widget\" data-widget_type=\"heading.default\">\n\t\t\t\t\t<h2 class=\"elementor-heading-title elementor-size-default\">Cennik<\/h2>\t\t\t\t<\/div>\n\t\t\t\t<div class=\"elementor-element elementor-element-848ec58 elementor-widget elementor-widget-text-editor\" data-id=\"848ec58\" data-element_type=\"widget\" data-widget_type=\"text-editor.default\">\n\t\t\t\t\t\t\t\t\t<ul><li>Masa\u017c kr\u0119gos\u0142upa i grzbietu 30 minut <strong>80 z\u0142<\/strong><\/li><li>Masa\u017c ko\u0144czyn g\u00f3rnych 30 minut <strong>80 z\u0142<\/strong><\/li><li>Masa\u017c ko\u0144czyn dolnych 45 minut <strong>120 z\u0142<\/strong><\/li><li>Refleksoterapia (masa\u017c st\u00f3p) 30 minut <strong>80 z\u0142<\/strong><\/li><li>Masa\u017c ca\u0142o\u015bciowy 60 minut <strong>150 z\u0142<\/strong><\/li><li>Masa\u017c ca\u0142o\u015bciowy 90 minut <strong>220 z\u0142<\/strong><\/li><li>Drena\u017c limfatyczny w zale\u017cno\u015bci od obszaru drenowania <strong>od 80 z\u0142<\/strong><\/li><li>Kinesiotaping w zale\u017cno\u015bci od wielko\u015bci aplikacji <strong>od 35 z<\/strong>\u0142<br \/><br \/><\/li><\/ul>\t\t\t\t\t\t\t\t<\/div>\n\t\t\t\t<\/div>\n\t\t<div class=\"elementor-element elementor-element-eed4016 e-con-full e-flex e-con e-child\" data-id=\"eed4016\" data-element_type=\"container\" id=\"kontakt\">\n\t\t\t\t<div class=\"elementor-element elementor-element-d548abb elementor-widget elementor-widget-heading\" data-id=\"d548abb\" data-element_type=\"widget\" data-widget_type=\"heading.default\">\n\t\t\t\t\t<h2 class=\"elementor-heading-title elementor-size-default\">Kontakt<\/h2>\t\t\t\t<\/div>\n\t\t\t\t<div class=\"elementor-element elementor-element-c00969f elementor-widget elementor-widget-text-editor\" data-id=\"c00969f\" data-element_type=\"widget\" data-widget_type=\"text-editor.default\">\n\t\t\t\t\t\t\t\t\t<ul class=\"magee-icon-list\"><li><b>Tomasz Mielcarek<\/b><\/li><li><i class=\"fa fa-phone\">\u00a0<\/i>668 10 78 53<\/li><\/ul><ul class=\"magee-icon-list\"><li><i class=\"fa fa-map-marker\">\u00a0<\/i>56-200 G\u00f3ra<\/li><\/ul><ul class=\"magee-icon-list\"><li><i class=\"fa fa-envelope-o\">\u00a0<\/i>tomekfloret@gmail.com<\/li><\/ul><ul class=\"magee-icon-list\"><li><i class=\"fa fa-internet-explorer\">\u00a0<\/i><a href=\"https:\/\/web.archive.org\/web\/20230520053612\/http:\/\/www.masaze-tomek.pl\/\">www.masaze-tomek.pl<\/a><\/li><\/ul>\t\t\t\t\t\t\t\t<\/div>\n\t\t\t\t<\/div>\n\t\t\t\t\t<\/div>\n\t\t\t\t<\/div>\n\t\t\t\t<\/div>\n\t\t","protected":false},"excerpt":{"rendered":"<p>Jeste\u015b w dobrych r\u0119kach! Sprawd\u017a cennik MASA\u017bE Oferuj\u0119: masa\u017c tkanek g\u0142\u0119bokich, masa\u017c klasyczny, masa\u017c punktowy, refleksoterapia (masa\u017c st\u00f3p), drena\u017c limfatyczny oraz wiele innych. KINESIOTAPING Metoda terapeutyczna polegaj\u0105ca na oklejaniu wybranych &#8230;<\/p>\n","protected":false},"author":1,"featured_media":0,"parent":0,"menu_order":0,"comment_status":"closed","ping_status":"open","template":"elementor_header_footer","meta":{"footnotes":""},"class_list":["post-2","page","type-page","status-publish","hentry"],"_links":{"self":[{"href":"http:\/\/masaze-tomek.pl\/index.php\/wp-json\/wp\/v2\/pages\/2","targetHints":{"allow":["GET"]}}],"collection":[{"href":"http:\/\/masaze-tomek.pl\/index.php\/wp-json\/wp\/v2\/pages"}],"about":[{"href":"http:\/\/masaze-tomek.pl\/index.php\/wp-json\/wp\/v2\/types\/page"}],"author":[{"embeddable":true,"href":"http:\/\/masaze-tomek.pl\/index.php\/wp-json\/wp\/v2\/users\/1"}],"replies":[{"embeddable":true,"href":"http:\/\/masaze-tomek.pl\/index.php\/wp-json\/wp\/v2\/comments?post=2"}],"version-history":[{"count":25,"href":"http:\/\/masaze-tomek.pl\/index.php\/wp-json\/wp\/v2\/pages\/2\/revisions"}],"predecessor-version":[{"id":51,"href":"http:\/\/masaze-tomek.pl\/index.php\/wp-json\/wp\/v2\/pages\/2\/revisions\/51"}],"wp:attachment":[{"href":"http:\/\/masaze-tomek.pl\/index.php\/wp-json\/wp\/v2\/media?parent=2"}],"curies":[{"name":"wp","href":"https:\/\/api.w.org\/{rel}","templated":true}]}}